 v(-8) is divided by 12.
10
Let j(t) = t**2 - 5*t - 4. Let m be j(6). Suppose -7 = m*v - 8*c + 3*c, -14 = -5*v + 2*c. Suppose b - 18 = v. What is the remainder when b is divided by 8?
6
Let q(y) = -5*y - 5. Let c be q(-4). Suppose z = -s - 0*z + 6, 2*s + 5*z - c = 0. Calculate the remainder when 7 is divided by s.
2
Let h be -2 + 1 - (-19 - 0). Calculate the remainder when 34 is divided by h/(14/4 - 2).
10
Let m = 5 + -5. Suppose -4*n + 292 = -m*n. What is the remainder when n is divided by 25?
23
Suppose -20*n + 19*n + 32 = 0. Calculate the remainder when n is divided by 11.
10
Suppose -3*f + 36 = -12. Suppose -2*p = 3*p + 30. Let c = p - -52. What is the remainder when c is divided by f?
14
Suppose 2*w + 3*r - 65 = 0, 5*r - 187 = -4*w - 52. Calculate the remainder when w is divided by 23.
17
Let i = 10 - 5. Suppose i*g - 48 = 87. What is the remainder when g is divided by 7?
6
Calculate the remainder when 45 is divided by 2*(-1 + 38/4).
11
Suppose -3*f + 5*s = -47, -2*s - 52 - 20 = -5*f. Let w = -3 - -43. What is the remainder when w is divided by f?
12
Let x(w) = w - 1. Let i(u) = -8*u - 1. Let c(g) = -i(g) + 5*x(g). What is the remainder when c(4) is divided by 17?
14
Let h(g) = 4*g**2 + 2*g + 1. Calculate the remainder when h(-3) is divided by 11.
9
Let g(y) = y**3 + 7*y**2 + 5*y + 5. Let q be (0 - -18)*6/9. Suppose 0*a = -2*a + q. What is the remainder when g(-6) is divided by a?
5
What is the remainder when (-6 - -10)/(4/34) is divided by 12?
10
Suppose w - 1 = 0, 124 = 2*b + b + 4*w. Suppose -3*g = 4*l - 127, 40 = 2*l - 4*g - b. Let t = 63 - l. What is the remainder when t is divided by 10?
9
Suppose -n + 67 = 2*i - 6*n, -17 = -2*i - 5*n. Suppose 5*o = 2*o + 120. Calculate the remainder when o is divided by i.
19
Let w(u) = -u**3 + 5*u**2 + 7*u - 6. Let d be w(6). Suppose d*l + l = 17. What is the remainder when l is divided by (-1*18)/(-5 + 8 + -5)?
8
Suppose -3*z + 12 = 4*o - 20, -4*z = -2*o + 38. What is the remainder when 109 is divided by o?
10
Suppose -4*i = 2*d + 12, 0 = i - 2*d + 5 + 8. Let o(x) = x**2 - 2*x. Calculate the remainder when o(i) is divided by 12.
11
Suppose y + 2 + 1 = -h, 3*h = 3*y + 3. What is the remainder when 33 - ((-2)/y + -1) is divided by 12?
9
Suppose -2*y + 5*b = 2*b - 35, 0 = 3*y + 5*b - 43. What is the remainder when (-3 + 0)/((-30)/460) is divided by y?
14
Suppose u = -2*i, i + 5*u = -3*i. Suppose -5*f - 59 + 234 = i. Calculate the remainder when f is divided by 13.
9
Suppose -3*q + 0*q + 97 = 2*z, -4*q = 4. Suppose -p - 3 = -2*p. Suppose -4*u - p*m = -0*u - 71, 0 = u + 2*m - 19. What is the remainder when z is divided by u?
16
Let d = 41 + -2. What is the remainder when d is divided by 20?
19
Suppose -3*d = -6, 0*d + 2*d + 5 = n. Let u(s) = -s**2 + 8*s + 4. Calculate the remainder when u(6) is divided by n.
7
Suppose 0 = -5*r + 2*p + 906, -3*r - r - 5*p + 705 = 0. Calculate the remainder when r is divided by 26.
24
Suppose 3*p - p = -12. Let x be -3 - p*6/9. Calculate the remainder when 2/(-8)*(x + -165) is divided by 11.
8
Calculate the remainder when (-4)/(-18) - (-158)/18 is divided by (-2)/(-4) + (-5)/(-2).
0
Let k(l) = -l**3 - 4*l**2 - 4*l. Calculate the remainder when k(-5) is divided by 16.
13
Let a = 2 + 1. Suppose -5*j + 69 = 3*d - 6, a*j = 4*d + 16. Calculate the remainder when j is divided by 1*28/(-1)*8/(-32).
5
Let o(g) = -g**3 + 6*g**2 + 3*g + 7. Let t = 8 - 1. Calculate the remainder when o(6) is divided by t.
4
Let q = -9 + 10. What is the remainder when 2 is divided by q?
0
Let v = -208 + 93. Let f = -50 - v. Suppose -99 = -4*i + f. Calculate the remainder when i is divided by 14.
13
Suppose -t = 4*f - 15, 2*t - 2 = f + 1. Suppose -t*s = -j - 0*j - 9, -2*j - 4*s + 32 = 0. Calculate the remainder when 11 is divided by j.
5
What is the remainder when 3/(-4) + (-891)/(-36) is divided by 9?
6
Let i be (0 + -2)*12/24. Let z = i + 29. Suppose 2*m = -2*c + 40, m + 2*m - 50 = -c. Calculate the remainder when z is divided by m.
13
Suppose 0 = 5*g - 2*g + 96. Let v = g + 48. What is the remainder when 30 is divided by v?
14
Let k = 0 - -3. Suppose 5*h - 3*n = 28, h = k*n - 5 + 13. What is the remainder when h is divided by 3?
2
Let v(f) = -6*f**3 - f**2 - 2*f - 1. Suppose 0 = d + 4, -5*d = 2*p + 3*p. Suppose 55 = p*j + j. Calculate the remainder when j is divided by v(-1).
5
Let i = 70 - 23. Calculate the remainder when i is divided by (-1292)/(-102) + (-4)/6.
11
Suppose -2*x + 13 - 3 = 3*h, -h - 15 = -3*x. Suppose h = -5*r + r + 60. What is the remainder when 28 is divided by r?
13
Suppose -2*a - 3*u = 3*a - 196, -2*u = -5*a + 186. Calculate the remainder when a is divided by 8.
6
Suppose -k = -5*b - 25, -6 - 4 = -4*k + 2*b. Suppose k = 2*m + 3*m - 170. What is the remainder when m is divided by 9?
7
Let x(m) = -6 - m**2 + 14 + 0*m + 3*m + 4*m. What is the remainder when 41 is divided by x(6)?
13
Let o(v) = 14*v**2 + 0*v**2 + 1 - 45*v + 44*v. What is the remainder when (-2)/(0 + 2) - -28 is divided by o(1)?
13
Let x(b) = b**3 + 25*b**2 - 27*b - 22. What is the remainder when 46 is divided by x(-26)?
2
Let t be ((-68)/6)/((-10)/15). Suppose t - 65 = -3*j. What is the remainder when 46 is divided by j?
14
Suppose -5*q + 218 = 2*o - 109, -o + 1 = 0. What is the remainder when q is divided by 36?
29
Let l = -2 + 7. Let o(f) = 2*f**2 - 5*f + 2. Suppose 42 = 5*q - 28. Calculate the remainder when o(l) is divided by q.
13
Let o(s) = 1 - 1 + 28*s**2 + 4 - 5 + s. What is the remainder when o(1) is divided by 10?
8
Suppose 0 = 5*d - 3*d - 38. Let b(t) = -35*t - 11. Let w be b(-6). Suppose -w - 76 = -5*v. Calculate the remainder when v is divided by d.
17
Let v(f) = -2*f + 29. Calculate the remainder when 29 is divided by v(12).
4
Let z = -6 - -3. Let h = z + 4. What is the remainder when 28 is divided by (0 + -15*h)*-1?
13
Let w = 110 - 87. Calculate the remainder when w is divided by 7.
2
Let y be 0 + -184 - 0/1. Let k be (-2)/9 + y/(-18). What is the remainder when 11 is divided by k/(-45) - 56/(-9)?
5
Suppose -3*j + 1 = -11. Suppose 4*m - 3*m + o = -2, 2*m - 3*o + 19 = 0. Let q = m - -16. Calculate the remainder when q is divided by j.
3
Calculate the remainder when 4 + 31 + 1 - (2 + -3) is divided by 21.
16
Let m(n) = -2*n**3 - 2*n**2 + 11*n - 7. Calculate the remainder when m(-6) is divided by 29.
26
Calculate the remainder when 500/3 + 3/9 is divided by 12.
11
Suppose -2*m + 4*v + 20 = 2*m, -4*m - 2*v = -8. Suppose -24 = m*n - 7*n. What is the remainder when 23 is divided by n?
5
Let f(x) = -x**2 - 11*x - 12. Let y be f(-10). Let o(l) = 4*l**2 - 2*l. Calculate the remainder when o(y) is divided by 7.
6
Let c = -2 + 4. Suppose 3*g + 7*i = 2*i + 83, -2*g = c*i - 54. What is the remainder when g is divided by 14?
12
Let p = -9 - -9. Suppose 0 = -2*j - 4, -l - j + 270 - 67 = p. Suppose -4*h = 3*q - 167, -4*h + l = h + 3*q. What is the remainder when h is divided by 20?
18
Let t = 37 + -7. Calculate the remainder when t is divided by 11.
8
Let c(k) = -66*k**3 + 2*k + 2. Let y = 17 + 0. What is the remainder when c(-1) is divided by y?
15
Let v be 920/(-8)*(-6)/10. Suppose -2*l + 5*l - v = 0. What is the remainder when 68 is divided by l?
22
Let c = -67 - -94. Let i = c - -46. What is the remainder when i is divided by 25?
23
Let v(x) = -x + 7. Let z be v(0). Let t = 5 - 3. Suppose -p + 12 = t*u - z, -56 = -4*u + 4*p. Calculate the remainder when u is divided by 6.
5
Suppose -2*j = 2*o - 38, 4*j - 4 = 3*j + 4*o. What is the remainder when 42 is divided by j?
10
Let g = -40 + 63. Suppose k + 13 = 2*k. Calculate the remainder when g is divided by k.
10
Let q = 60 + 1. What is the remainder when q is divided by 16?
13
Let g be (-6)/9 - (-16)/6. Suppose 185 = 3*x + g*x. Calculate the remainder when x is divided by (-26 - 0)/(-1 + -1).
11
Let i(n) = 0*n**2 - 9*n**2 + 6 + n**3 + 0 - 4*n. Let j be i(10). Let h = -24 + j. Calculate the remainder when h is divided by 11.
9
Suppose -8*u + 2*u + 300 = 0. What is the remainder when 146 is divided by u?
46
What is the remainder when 128 is divided by (1/4)/((5/(-52))/(-5))?
11
Suppose -19 - 7 = -2*h + 2*p, 2*h - 31 = -3*p. Let b be (0 + 0)/(4 + -2). Suppose 4*t - 12 - 8 = b. What is the remainder when h is divided by t?
4
Suppose -5*k = -367 + 17. Let b = k - 